-43*k - 252. Let n be (-2 + 0)/(4/90). Let r = k - n. Give s(r).
-5
Let v(l) = -5*l**2 - 7*l - 19. Let p(h) = 27*h**2 + 34*h + 107. Let m(f) = 2*p(f) + 11*v(f). What is m(-13)?
-47
Let a(p) = 4*p + 25. Let h be a(-2). Suppose 3*s = 3*z + 32 - 35, -z + 5*s + h = 0. Let m(w) = -2*w - 1. Give m(z).
5
Let c(v) = -16*v + 1. Let b(d) = d**2 + 10*d + 15. Let q be 4 + 7/(35/(-30)). Let x be b(q). Give c(x).
17
Let g(p) = -p**2 + 7*p + 3. Let h = -64 + 58. Let a(y) = y**2 - 8*y - 5. Let r(x) = h*g(x) - 5*a(x). Give r(0).
7
Let x = 393 + -393. Suppose x = -4*i + 2*r + 36, i = -0*i + 4*r + 23. Let k(a) = a + 4. Give k(i).
11
Suppose -3*s = -3*j - 66, -2*s - j + 4*j + 49 = 0. Suppose 2*r + 0*r - s = 3*a, r - 11 = 4*a. Let c(v) = v**3 - 6*v**2 - 8*v + 10. Determine c(r).
3
Let d = -551 + 551. Suppose 0 = -u - d*u - 2*x - 20, -4*u - 2*x = 62. Let l(w) = -w**2 - 13*w + 8. Determine l(u).
-6
Let w(l) = -9*l + 27. Let q = -5977 + 5981. Give w(q).
-9
Let m(g) be the third derivative of -g**5/60 + 13*g**4/24 - g**3/6 + 2*g**2 + 113. Give m(16).
-49
Let m(f) = f + 11. Suppose d - 45 = -5*g, 4 = 3*g + 5*d - 23. Suppose -2*i + 2*l - 30 = 0, i + 11 = -4*l + g*l. What is m(i)?
-5
Let c(o) = 47*o**2 - 12*o**2 - 9*o**2 + 49 + 36 - 9*o - 27*o**2. Give c(-15).
-5
Let f(t) = -t + 2*t + 3 - 3 + 3. Let u = 32 + -30. Suppose 4*b - u*p = -16, -3*b + 3*p - 4 = -2*b. What is f(b)?
-1
Let y(t) = -t**3 - t + 1. Let a be y(1). Let h(c) = c - 33*c - 589532145 + 589532146. Calculate h(a).
33
Let k(a) = -a**3 + 5*a**2 - 2*a - 1. Let j be 0 + (-3)/6 + 11/2. Suppose 3*x + 3*m - 3 = 0, 3*x - 5*x - 5 = -j*m. Suppose x = t - 2. Determine k(t).
7
Let u(d) be the first derivative of -1/60*d**5 + 0*d - 9 - 4*d**2 - 1/6*d**3 + 1/6*d**4. Let j(g) be the second derivative of u(g). Determine j(5).
-6
Let h(i) be the third derivative of -1/120*i**6 - 196*i**2 + 0*i**3 + 1/12*i**5 + 0*i - 1/6*i**4 + 0. Determine h(3).
6
Let t(b) = 53*b**3 + 48*b**2 + 32*b - 86. Let j(l) = -69*l**3 - 64*l**2 - 43*l + 115. Let o(y) = 10*j(y) + 13*t(y). Calculate o(-15).
17
Let v(h) = h**2 + 6*h + 6. Let c be v(-4). Let y(g) be the second derivative of g**5/20 + g**4/6 - g**3/6 - g**2 - 4*g + 299. Calculate y(c).
0
Let q(i) = -i**3 - 3*i**2 + 5*i - 1. Suppose 4*v - 248 = 48. Suppose w = -3, -4*w = -4*t + 6*t + v. Let k = -35 - t. Determine q(k).
-5
Suppose 0 = 3*j - 9, 5*g - 7 - 797 = 2*j. Let z = g - 168. Let b(y) = -y**3 - 7*y**2 - 9*y - 3. Determine b(z).
15
Let j(c) be the second derivative of -c + 0 - 5/3*c**3 + 6*c**2 + 1/12*c**4. Let x be 16 + -3 + (-175)/35. Calculate j(x).
-4
Let h(s) be the second derivative of 102*s - 19/2*s**2 + 0 + 1/12*s**4 - 5/3*s**3. Give h(11).
-8
Let a(b) = -7 - 22*b - 189*b**2 + 210*b**2 + b + b - b**3. Calculate a(20).
-7
Let p(m) = -m**2 - 20*m - 15. Let d = 7585 + -7604. Determine p(d).
4
Let c(p) = p**3 - 3*p**2 - 4*p - 12. Let i(q) = 5*q**3 - 14*q**2 + 15*q - 9. Let m be i(2). Determine c(m).
18
Let h(m) be the second derivative of -7*m**3/6 - 10*m**2 - 152*m. Determine h(-4).
8
Let y(j) = 3 + 27*j + 41*j - 65*j - 1 + 2. Give y(-2).
-2
Let s(t) = -53*t**2 + 303*t - 6. Let v(m) = 9*m**2 - 52*m + 1. Let n(c) = -6*s(c) - 35*v(c). Suppose o - 5*x = 2*o + 26, 0 = -o + 4*x + 19. What is n(o)?
2
Let h(s) = 28 - s + 31 - 150 + 94. Suppose -4*c - 8 = 8. Determine h(c).
7
Let s = -60 - -68. Suppose 4*v = 2*q + 6, -s*q + 5*v = -9*q + 11. Let b(f) = -9 + q + 7 + 0 + 3*f. Calculate b(-2).
-7
Let j(c) = -32 + 156*c - 77*c - 80*c. Suppose -z + 274 - 274 = 0. What is j(z)?
-32
Let u(o) = 2*o**2 - 2*o. Let t be u(3). Let a(z) = -5 - t*z - 2 + 9*z + 9. Give a(-2).
8
Let s be (-6)/(36/(-1230))*(1 + -2). Let y = s - -202. Let k(z) = -6*z - 2. Determine k(y).
16
Let t(z) = z**3 - 8*z**2 + 7*z - 10. Let u = -181 - -161. Let s be 4*(4 + 45/u). Give t(s).
-10
Let r(m) = m**3 - 11*m**2 + 6*m + 1. Let j(s) = s**2 + 4*s - 2. Let v be j(-6). What is r(v)?
-39
Suppose 95*m + 509 + 124 = -222. Let k(j) = -4 - 4 - 3 - j. Give k(m).
-2
Let s = 24642 - 24636. Let o(a) = 15*a - 101. What is o(s)?
-11
Let p(v) = -2*v - 7*v - 5 + 1 - v**2. Let r(c) = c**2 - 2254*c + 15723. Let z be r(7). Give p(z).
14
Let s(w) = 3*w**2 + 2*w + 1. Let i(l) be the third derivative of -l**6/120 + 2*l**5/15 - l**3/3 + 30*l**2 - 3*l. Let d be i(8). Calculate s(d).
9
Let w be ((-2)/19)/(222/(-703)). Let k(q) be the first derivative of 7/2*q**2 + 5*q + w*q**3 - 22. What is k(-6)?
-1
Suppose -627 = -9*s - 537. Let d be ((-427)/35 + 11)/((-3)/s). Let p(k) = k - 2. Give p(d).
2
Let s(x) be the second derivative of -13/2*x**2 - 2*x - 1/6*x**3 + 0. Suppose 169 = -15*g - 48*g - 398. What is s(g)?
-4
Let x(i) = -11*i - 539. Let t(q) = 15*q + 716. Let l(p) = -7*t(p) - 9*x(p). Calculate l(-27).
1
Suppose -3*j - 13 = 5*f, -9 = 2*j + 2*f + f. Suppose 0 = 4*q + 5*n - 351 + 98, 2*q = -3*n + 129. Let w(a) = -15 - 34 + a + q. Calculate w(j).
2
Let o(k) = -k**3 - 2*k**2 + 2*k - 7. Suppose -3*f - 47 = f - 3*j, -4*j = -4. Let l = -14 - f. Let t be o(l). Let u(h) = -2*h - 5. Give u(t).
3
Let v(c) = c**2 - 29*c + 30. Let q(u) = 11*u**3 + 507*u**2 + 46*u + 28. Let z be q(-46). Give v(z).
2
Let i(m) = m**2 + 4*m + 5. Suppose 5*o - o - 4*r - 476 = 0, r = -4*o + 481. Suppose o = -10*f + 5*f. Let s = 20 + f. Give i(s).
5
Suppose 6*l + 18 = 4*l. Let f(z) = 3*z + 33. Let q be f(l). Let o(r) = q - 2 + 6*r - 3. What is o(-1)?
-5
Let d(w) = 102*w - 664. Let n(u) = 105*u - 674. Let x(f) = -6*d(f) + 5*n(f). Give x(7).
5
Let m(n) = -n**3 - 18*n**2 - 18*n - 17. Suppose -4*r = -w + 32 - 68, -3*r + 4*w = -40. Let x be r/12 + (0 - (-159)/(-9)). What is m(x)?
0
Let c = -3 - -5. Let w(r) = 4 + c - 6 - r. Suppose 1 = p + 4*l, -5*l + 7 = 5*p + 2. Determine w(p).
-1
Let c = 61921 - 61920. Let r(q) = -4*q + 31*q**2 + 2*q + q. Calculate r(c).
30
Let q(a) be the first derivative of a**3/3 + 7*a - 57790. Suppose 2*l = -2*s - 9 + 49, 0 = -3*s. Suppose -15 = -u - 3*d, 0 = -u + 2*d + 2*d - l. Calculate q(u).
7
Let o(p) = -1950*p + 3 - 1950*p - 2*p**2 + 7820*p - 1958*p - 1958*p. What is o(-3)?
-27
Let i(y) = y**3 - 6*y**2 + 19*y - 25. Let n be i(3). Let a(l) = 3*l - 13. What is a(n)?
2
Let p(y) = 7*y**3 + 5*y**3 + 2*y**2 + 92595*y - 92592*y - 13*y**3 + 5*y**2 + 9. Let s(x) = x**3 - x + 7. Let o be s(0). What is p(o)?
30
Let q(d) = -6*d**2 - d + 1. Let w be q(-1). Let p(l) = -2*l**2 + 5*l + 15. Let g(z) = 7 + z + z**2 + z - 2*z**2. Let y(j) = -13*g(j) + 6*p(j). What is y(w)?
-1
Let k(f) = -f**3 - f**2 + 2*f**2 + 26 - 27. Suppose -51 = -5*r - p, 3*r + 2*p - 22 = r. Suppose n - r = -8. Calculate k(n).
-5
Let y(l) = 16*l - 960. Let x(d) = -d - 48. Let n(o) = 5*x(o) - y(o). Determine n(34).
6
Let y be 26/(-1)*111/222. Let u(n) = 2*n**3 + 24*n**2 - 26*n + 7. Determine u(y).
7
Let u(q) = -102 - 40 + 84 + 14*q - 107 - 49. Determine u(15).
-4
Let d(w) be the second derivative of -w**4/12 + 7*w**3/3 - 7*w**2/2 - 362*w. Give d(12).
17
Let t = 553 + -633. Let b be t/15*30/(-10). Let w(u) = -u**3 + 17*u**2 - 17*u + 11. Give w(b).
-5
Suppose 0 = y + r - 4*r - 14, 4*y + r + 9 = 0. Let c(n) = -67*n**2 - 5*n - 16. Let b(d) = 13*d**2 + d + 3. Let v(z) = 16*b(z) + 3*c(z). Calculate v(y).
6
Let t(b) = b**2 + 18*b + 23. Let o be t(-17). Suppose -2*v - o = -2. Let m(p) = -2*p**2 + 5*p**2 + 3*p - 16 + 17. Determine m(v).
7
Let f(a) = 2 - 6*a**2 - a**2 - 1 + 2*a. Suppose -412*w + 13 = -425*w. Give f(w).
-8
Let i = 459 + -466. Let k(l) = -12*l**2 - 7 + 3 + 13*l**2 + 5*l. What is k(i)?
10
Let j = -81 - -79. Let y(p) be the third derivative of -p**4/12 - 3*p**2. Let d(h) = 13*h - 1. Let l(v) = -2*d(v) - 14*y(v). What is l(j)?
-2
Suppose -15*h + 22760 = -55*h. Let u = 570 + h. Let p(b) = -18*b**2 + 2*b - 1. Determine p(u).
-17
Let x(d) = d - 2. Suppose -9*h - 9 + 108 = 0. Let k be (((-275)/30)/h)/((-3)/18). What is x(k)?
3
Let o = 82 - 80. Let k(v) = -5*v + 7. Let z(b) be the first derivative of b**2 - 3*b + 8. Let d(x) = 4*k(x) + 9*z(x). Determine d(o).
-3
Let a(w) = -26 + 28*w + 3 + 5 - 29*w. Suppose -3*x + 6*x + 51 = 0. Determine a(x).
-1
Let n(f) = -2*f**2 + 16*f - 26. Let k = 15095 + -15091. Determine n(k).
6
Let h(r) = -8*r + 11. Let o = 25541 - 25538. Give h(o).
-13
Let c(b) = -25*b - 7. Let h(q) = 11*q + 3. Let x(r) = 2*c(r) + 5*h(r). Suppose 2*l + l = -9. Let o(a) = -11*a - 3. Let w(n) = l*o(n) - 7